{"id":78,"date":"2022-02-02T15:00:00","date_gmt":"2022-02-02T14:00:00","guid":{"rendered":"http:\/\/idh21.com\/?page_id=78"},"modified":"2022-08-18T12:32:08","modified_gmt":"2022-08-18T10:32:08","slug":"lindustrie-et-les-limites-planetaires","status":"publish","type":"page","link":"http:\/\/idh21.com\/index.php\/lindustrie-et-les-limites-planetaires\/","title":{"rendered":"La r\u00e9industrialisation de la France dans le cadre des limites plan\u00e9taires"},"content":{"rendered":"<div id=\"wppb-builder-container\" class=\"wppb-builder-container\">                <div  class=\"wppb-row-parent  wppb-row-1643812365390 \"  >\n\t\t\t\t\t\n\t\t\t\t\t\t\t\t\t\t\n\t\t\t\t\t\t\t\t\t\t\n\t\t\t\t\t<div class=\"wppb-container \">\n\t\t\t\t\t\t\t\t\t\t\t\t\t\n                        <div class=\"wppb-row\">\n\t\t\t\t\t\t\t                                    <div  class=\"wppb-column-parent wppb-column-parent-view wppb-col-1643812365389  \"  >\n                                        <div class=\"wppb-column\">\n\t\t\t\t\t\n\t\t\t\t\t\t\t\t\t\t\t\n                                            <div class=\"wppb-builder-addons\">\n\t\t\t\t\t\t\t\t\t\t\t\t<div class='wppb-builder-addon wppb-addon-1643812442353'  data-addon-id='1643812442353'><div class='wppb-addon'><div class=\"wppb-text-block-addon\"><div class=\"wppb-text-block-content 0\"><h3 style=\"text-align: center\">Une \u00e9tude r\u00e9alis\u00e9e par<\/h3><\/div><\/div><\/div><\/div>                                            <\/div>\n                                        <\/div>\n                                    <\/div>\n\t\t\t\t\t\t\t\t\t                        <\/div>\n\n                    <\/div>\n                <\/div>\n\t\t\t\t                <div  class=\"wppb-row-parent  wppb-row-1643812365451 \"  >\n\t\t\t\t\t\n\t\t\t\t\t\t\t\t\t\t\n\t\t\t\t\t\t\t\t\t\t\n\t\t\t\t\t<div class=\"wppb-container \">\n\t\t\t\t\t\t\t\t\t\t\t\t\t\n                        <div class=\"wppb-row\">\n\t\t\t\t\t\t\t                                    <div  class=\"wppb-column-parent wppb-column-parent-view wppb-col-1643812365449  \"  >\n                                        <div class=\"wppb-column\">\n\t\t\t\t\t\n\t\t\t\t\t\t\t\t\t\t\t\n                                            <div class=\"wppb-builder-addons\">\n\t\t\t\t\t\t\t\t\t\t\t\t<div class='wppb-builder-addon wppb-addon-1643812544304'  data-addon-id='1643812544304'><div class='wppb-addon'><div class=\"wppb-image-addon\"><figure class=\"wppb-image-addon-content-wrap\"><div class=\"wppb-image-addon-content wppb-imginlineblock\"><img decoding=\"async\" class=\"wppb-image-addon-img\" src=\"http:\/\/idh21.com\/wp-content\/uploads\/2021\/05\/Logo-Complet-300x85.png\" alt=\"Logo IDH21\"><\/div><\/figure><\/div><\/div><\/div>                                            <\/div>\n                                        <\/div>\n                                    <\/div>\n\t\t\t\t\t\t\t\t\t                                    <div  class=\"wppb-column-parent wppb-column-parent-view wppb-col-1643813790432  \"  >\n                                        <div class=\"wppb-column\">\n\t\t\t\t\t\n\t\t\t\t\t\t\t\t\t\t\t\n                                            <div class=\"wppb-builder-addons\">\n\t\t\t\t\t\t\t\t\t\t\t\t<div class='wppb-builder-addon wppb-addon-1643813875143'  data-addon-id='1643813875143'><div class='wppb-addon'><div class=\"wppb-text-block-addon\"><div class=\"wppb-text-block-content 0\"><p><strong>et<\/strong><\/p><\/div><\/div><\/div><\/div>                                            <\/div>\n                                        <\/div>\n                                    <\/div>\n\t\t\t\t\t\t\t\t\t                                    <div  class=\"wppb-column-parent wppb-column-parent-view wppb-col-1643812365450  \"  >\n                                        <div class=\"wppb-column\">\n\t\t\t\t\t\n\t\t\t\t\t\t\t\t\t\t\t\n                                            <div class=\"wppb-builder-addons\">\n\t\t\t\t\t\t\t\t\t\t\t\t<div class='wppb-builder-addon wppb-addon-1643819081626'  data-addon-id='1643819081626'><div class='wppb-addon'><div class=\"wppb-image-addon\"><figure class=\"wppb-image-addon-content-wrap\"><div class=\"wppb-image-addon-content wppb-imginlineblock\"><img decoding=\"async\" class=\"wppb-image-addon-img\" src=\"http:\/\/idh21.com\/wp-content\/uploads\/2022\/02\/logo-indusmakers-noir-2400px-300x66.png\" alt=\"Logo Indusmakers\"><\/div><\/figure><\/div><\/div><\/div>                                            <\/div>\n                                        <\/div>\n                                    <\/div>\n\t\t\t\t\t\t\t\t\t                        <\/div>\n\n                    <\/div>\n                <\/div>\n\t\t\t\t                <div  class=\"wppb-row-parent  wppb-row-1643812365378 \"  >\n\t\t\t\t\t\n\t\t\t\t\t\t\t\t\t\t\n\t\t\t\t\t\t\t\t\t\t\n\t\t\t\t\t<div class=\"wppb-container \">\n\t\t\t\t\t\t\t\t\t\t\t\t\t\n                        <div class=\"wppb-row\">\n\t\t\t\t\t\t\t                                    <div  class=\"wppb-column-parent wppb-column-parent-view wppb-col-1643812365377  \"  >\n                                        <div class=\"wppb-column\">\n\t\t\t\t\t\n\t\t\t\t\t\t\t\t\t\t\t\n                                            <div class=\"wppb-builder-addons\">\n\t\t\t\t\t\t\t\t\t\t\t\t<div class='wppb-builder-addon wppb-addon-1643812399986'  data-addon-id='1643812399986'><div class='wppb-addon'><div class=\"wppb-text-block-addon\"><div class=\"wppb-text-block-content 0\"><p style=\"text-align: center\"><strong>R\u00e9sum\u00e9<\/strong><\/p><p>Le secteur industriel fran\u00e7ais est lanc\u00e9 dans une phase de r\u00e9industrialisation depuis la fin des ann\u00e9es 2000 qui devra s\u2019effectuer dans le cadre des enjeux environnementaux de ce si\u00e8cle.<\/p><p>Depuis le travail de Rockstr\u00f6m et al.(2009) puis de Steffen et al.(2015), il existe un cadre de r\u00e9f\u00e9rence, appel\u00e9 limites plan\u00e9taires, pour \u00e9valuer les impacts des activit\u00e9s humaines sur l\u2019\u00e9cosyst\u00e8me terrestre. Nous proposons ici d\u2019enrichir ce cadre en l\u2019adaptant \u00e0 des consid\u00e9rations sp\u00e9cifiques au secteur industriel avec l\u2019ajout de deux nouvelles limites plan\u00e9taires \u2018industrielles\u2019 : les mati\u00e8res premi\u00e8res et l\u2019\u00e9nergie.<\/p><p>Dans le but d\u2019\u00e9tudier le positionnement des entreprises industrielles fran\u00e7aises par rapport aux limites plan\u00e9taires, nous avons men\u00e9 une enqu\u00eate aupr\u00e8s de neuf entreprises de taille et de secteur divers. Nous observons que la taille et l\u2019\u00e2ge de l\u2019entreprise sont des facteurs clefs dans la prise en consid\u00e9ration des limites plan\u00e9taires.<\/p><p>La r\u00e9industrialisation de notre pays lanc\u00e9e, qui se doit de s\u2019inscrire dans les limites plan\u00e9taires, implique de faire des choix, ce qui naturellement nous am\u00e8ne \u00e0 nous pencher sur la notion des besoins authentiques et superflus. Cette analyse des besoins devrait \u00eatre consid\u00e9r\u00e9e comme un enjeu national que la population doit se r\u00e9approprier pour qu\u2019elle soit r\u00e9ellement pertinente et qu\u2019elle se concr\u00e9tise en un projet de r\u00e9industrialisation de la France qui prenne tout son sens.<\/p><\/div><\/div><\/div><\/div>                                            <\/div>\n                                        <\/div>\n                                    <\/div>\n\t\t\t\t\t\t\t\t\t                        <\/div>\n\n                    <\/div>\n                <\/div>\n\t\t\t\t                <div  class=\"wppb-row-parent  wppb-row-1643812365599 \"  >\n\t\t\t\t\t\n\t\t\t\t\t\t\t\t\t\t\n\t\t\t\t\t\t\t\t\t\t\n\t\t\t\t\t<div class=\"wppb-container \">\n\t\t\t\t\t\t\t\t\t\t\t\t\t\n                        <div class=\"wppb-row\">\n\t\t\t\t\t\t\t                                    <div  class=\"wppb-column-parent wppb-column-parent-view wppb-col-1643812365598  \"  >\n                                        <div class=\"wppb-column\">\n\t\t\t\t\t\n\t\t\t\t\t\t\t\t\t\t\t\n                                            <div class=\"wppb-builder-addons\">\n\t\t\t\t\t\t\t\t\t\t\t\t<div class='wppb-builder-addon wppb-addon-1643813120355'  data-addon-id='1643813120355'><div class='wppb-addon'><div class=\"wppb-text-block-addon\"><div class=\"wppb-text-block-content 0\"><p><a href=\"http:\/\/idh21.com\/wp-content\/uploads\/2022\/02\/Reindustrialisation-en-France-et-Limites-planetaires-IDH21_Indusmakers_Chap1.pdf\" target=\"_blank\" rel=\"noopener\"><strong>T\u00e9l\u00e9chargez le chapitre 1 de l'\u00e9tude : <em>Les limites plan\u00e9taires pour l'industrie<\/em><\/strong><\/a><\/p><p><strong><a href=\"http:\/\/idh21.com\/wp-content\/uploads\/2022\/02\/Reindustrialisation-en-France-et-Limites-planetaires-IDH21_Indusmakers_Chap2.pdf\" target=\"_blank\" rel=\"noopener\">T\u00e9l\u00e9chargez le chapitre 2 de l'\u00e9tude: <em>Etat des lieux et enqu\u00eate sur les industries fran\u00e7aises et les limites plan\u00e9taires<\/em><\/a>\u00a0<\/strong><\/p><p><a href=\"http:\/\/idh21.com\/wp-content\/uploads\/2022\/02\/Reindustrialisation-en-France-et-Limites-planetaires-IDH21_Indusmakers_Chap3.pdf\" target=\"_blank\" rel=\"noopener\"><strong>T\u00e9l\u00e9chargez le chapitre 3 de l'\u00e9tude: <em>Discussion<\/em><\/strong><\/a><\/p><p><strong><a href=\"http:\/\/idh21.com\/wp-content\/uploads\/2022\/02\/Reindustrialisation-en-France-et-Limites-planetaires-IDH21_Indusmakers.pdf\" target=\"_blank\" rel=\"noopener\">T\u00e9l\u00e9chargez le rapport entier: R\u00e9industrialisation de la France dans le cadre des limites plan\u00e9taires - 2022<\/a><\/strong><\/p><p>\u00a0<\/p><\/div><\/div><\/div><\/div>                                            <\/div>\n                                        <\/div>\n                                    <\/div>\n\t\t\t\t\t\t\t\t\t                        <\/div>\n\n                    <\/div>\n                <\/div>\n\t\t\t\t                <div  class=\"wppb-row-parent  wppb-row-1643819073769 \"  >\n\t\t\t\t\t\n\t\t\t\t\t\t\t\t\t\t\n\t\t\t\t\t\t\t\t\t\t\n\t\t\t\t\t<div class=\"wppb-container \">\n\t\t\t\t\t\t\t\t\t\t\t\t\t\n                        <div class=\"wppb-row\">\n\t\t\t\t\t\t\t                                    <div  class=\"wppb-column-parent wppb-column-parent-view wppb-col-1643819073768  \"  >\n                                        <div class=\"wppb-column\">\n\t\t\t\t\t\n\t\t\t\t\t\t\t\t\t\t\t\n                                            <div class=\"wppb-builder-addons\">\n\t\t\t\t\t\t\t\t\t\t\t\t<div class='wppb-builder-addon wppb-addon-1643875186516'  data-addon-id='1643875186516'><div class='wppb-addon'><div class=\"wppb-image-addon\"><figure class=\"wppb-image-addon-content-wrap\"><div class=\"wppb-image-addon-content wppb-imginlineblock\"><img decoding=\"async\" class=\"wppb-image-addon-img\" src=\"http:\/\/idh21.com\/wp-content\/uploads\/2022\/02\/Limites-planetaires-pour-lindustrie-2022.png\" alt=\"Les limites plan\u00e9taires pour l&#039;industrie\"><\/div><\/figure><\/div><\/div><\/div>                                            <\/div>\n                                        <\/div>\n                                    <\/div>\n\t\t\t\t\t\t\t\t\t                        <\/div>\n\n                    <\/div>\n                <\/div>\n\t\t\t\t                <div  class=\"wppb-row-parent  wppb-row-1643819073915 \"  >\n\t\t\t\t\t\n\t\t\t\t\t\t\t\t\t\t\n\t\t\t\t\t\t\t\t\t\t\n\t\t\t\t\t<div class=\"wppb-container \">\n\t\t\t\t\t\t\t\t\t\t\t\t\t\n                        <div class=\"wppb-row\">\n\t\t\t\t\t\t\t                                    <div  class=\"wppb-column-parent wppb-column-parent-view wppb-col-1643819073914  \"  >\n                                        <div class=\"wppb-column\">\n\t\t\t\t\t\n\t\t\t\t\t\t\t\t\t\t\t\n                                            <div class=\"wppb-builder-addons\">\n\t\t\t\t\t\t\t\t\t\t\t\t<div class='wppb-builder-addon wppb-addon-1643875409226'  data-addon-id='1643875409226'><div class='wppb-addon'><div class=\"wppb-text-block-addon\"><div class=\"wppb-text-block-content 0\"><h3 style=\"text-align: center\">Les limites plan\u00e9taires pour l'industrie<\/h3><\/div><\/div><\/div><\/div>                                            <\/div>\n                                        <\/div>\n                                    <\/div>\n\t\t\t\t\t\t\t\t\t                        <\/div>\n\n                    <\/div>\n                <\/div>\n\t\t\t\t                <div  class=\"wppb-row-parent  wppb-row-1643812366055 \"  >\n\t\t\t\t\t\n\t\t\t\t\t\t\t\t\t\t\n\t\t\t\t\t\t\t\t\t\t\n\t\t\t\t\t<div class=\"wppb-container \">\n\t\t\t\t\t\t\t\t\t\t\t\t\t\n                        <div class=\"wppb-row\">\n\t\t\t\t\t\t\t                                    <div  class=\"wppb-column-parent wppb-column-parent-view wppb-col-1643812366054  \"  >\n                                        <div class=\"wppb-column\">\n\t\t\t\t\t\n\t\t\t\t\t\t\t\t\t\t\t\n                                            <div class=\"wppb-builder-addons\">\n\t\t\t\t\t\t\t\t\t\t\t\t<div class='wppb-builder-addon wppb-addon-1643813250922'  data-addon-id='1643813250922'><div class='wppb-addon'><div class=\"wppb-text-block-addon\"><div class=\"wppb-text-block-content 0\"><h4><strong>N'h\u00e9sitez pas \u00e0 <a href=\"http:\/\/idh21.com\/#contact\">nous contacter<\/a> si vous souhaitez mieux connaitre les expertises de IDH21 et Indusmakers.<\/strong><\/h4><\/div><\/div><\/div><\/div>                                            <\/div>\n                                        <\/div>\n                                    <\/div>\n\t\t\t\t\t\t\t\t\t                        <\/div>\n\n                    <\/div>\n                <\/div>\n\t\t\t\t<\/div>","protected":false},"excerpt":{"rendered":"<p>Une \u00e9tude r\u00e9alis\u00e9e par et R\u00e9sum\u00e9Le secteur industriel fran\u00e7ais est lanc\u00e9 dans une phase de r\u00e9industrialisation depuis la fin des ann\u00e9es 2000 qui devra s\u2019effectuer dans le cadre des enjeux environnementaux de ce si\u00e8cle.Depuis le travail de Rockstr\u00f6m et al.(2009) puis de Steffen et al.(2015), il existe un cadre de r\u00e9f\u00e9rence, appel\u00e9 limites plan\u00e9taires, pour &hellip; <\/p>\n<p class=\"link-more\"><a href=\"http:\/\/idh21.com\/index.php\/lindustrie-et-les-limites-planetaires\/\" class=\"more-link\">Read more<span class=\"screen-reader-text\"> &#8220;La r\u00e9industrialisation de la France dans le cadre des limites plan\u00e9taires&#8221;<\/span><\/a><\/p>\n","protected":false},"author":1,"featured_media":0,"parent":0,"menu_order":0,"comment_status":"closed","ping_status":"closed","template":"","meta":{"_monsterinsights_skip_tracking":false,"_monsterinsights_sitenote_active":false,"_monsterinsights_sitenote_note":"","_monsterinsights_sitenote_category":0,"footnotes":""},"class_list":["post-78","page","type-page","status-publish","hentry"],"_links":{"self":[{"href":"http:\/\/idh21.com\/index.php\/wp-json\/wp\/v2\/pages\/78","targetHints":{"allow":["GET"]}}],"collection":[{"href":"http:\/\/idh21.com\/index.php\/wp-json\/wp\/v2\/pages"}],"about":[{"href":"http:\/\/idh21.com\/index.php\/wp-json\/wp\/v2\/types\/page"}],"author":[{"embeddable":true,"href":"http:\/\/idh21.com\/index.php\/wp-json\/wp\/v2\/users\/1"}],"replies":[{"embeddable":true,"href":"http:\/\/idh21.com\/index.php\/wp-json\/wp\/v2\/comments?post=78"}],"version-history":[{"count":8,"href":"http:\/\/idh21.com\/index.php\/wp-json\/wp\/v2\/pages\/78\/revisions"}],"predecessor-version":[{"id":98,"href":"http:\/\/idh21.com\/index.php\/wp-json\/wp\/v2\/pages\/78\/revisions\/98"}],"wp:attachment":[{"href":"http:\/\/idh21.com\/index.php\/wp-json\/wp\/v2\/media?parent=78"}],"curies":[{"name":"wp","href":"https:\/\/api.w.org\/{rel}","templated":true}]}}